(s) = s**2 + 4*s - 7. Let q = 1 + -8. List the prime factors of j(q).
2, 7
Let y = 8 + 3. Suppose -f + 0 = -y. List the prime factors of f.
11
Suppose 5*l - 7*l + 182 = 0. List the prime factors of l.
7, 13
Suppose -3*d = -2*k + 3, 0*k - 4*k - 5 = 5*d. Suppose k*t + 27 = 3*t. Suppose m - 1 = t. List the prime factors of m.
2, 5
List the prime factors of 149/6*(10 + -4).
149
List the prime factors of (-1704)/(-20) + (-1)/5.
5, 17
Suppose 0 = -5*i + 2*i + 18. Suppose -i - 10 = -g. What are the prime factors of g?
2
Suppose 3*i - 85 = 5*t, -6*t - 60 = -2*i - 2*t. Suppose -6*o + 3*o - 36 = 4*b, -b = 2*o + 14. Let a = i + b. List the prime factors of a.
2, 7
Suppose 8 = -3*d + 35. Suppose -d = -0*u + 3*u. Let w(f) = -6*f - 3. What are the prime factors of w(u)?
3, 5
Suppose 3*o = -z + o - 21, o + 23 = -z. List the prime factors of (-3 + 1)/(2/z).
5
Let j(p) = -4*p + 2 + 6 + 0*p + 3*p. What are the prime factors of j(-6)?
2, 7
Suppose 2*b - 306 = -4*s, 5*s = -2*b - b + 459. List the prime factors of b.
3, 17
Let v = 0 - -3. Let a be ((-1)/v)/(2/(-30)). Let u = 10 - a. What are the prime factors of u?
5
Let q(i) = -i**3 + 16*i**2 - 13*i - 5. What are the prime factors of q(15)?
5
Let d(m) = -3 - m + 5 - 3*m + 2*m. What are the prime factors of d(-5)?
2, 3
Suppose -4*l - o = -32, 0 = 5*l + 5*o - 6 - 19. List the prime factors of l.
3
Let a = -58 - -105. What are the prime factors of a?
47
Let a be 1 - (9/(-3))/(-3). Let n = -26 + 51. Suppose -p + n - 6 = a. List the prime factors of p.
19
Suppose 5*u - 3*h - 35 = 0, 4*h + 23 = u - 1. Let j be (-2 - -4) + -1 + u. Suppose -42 = -j*x + 2*x. List the prime factors of x.
2, 7
Let s be (-3)/(-4 + 1)*5. Suppose 0 = -s*i + 3*i + 14. List the prime factors of i.
7
Let w(g) = -11*g. Let d be w(-8). Suppose -4 = m + 5*z, 3*z + 42 = -5*m - d. Let o = m + 41. List the prime factors of o.
2, 3
Let s = -7 - -7. Suppose s*w = -5*w + 275. What are the prime factors of w?
5, 11
Suppose z = -2*z - 45. Let k(v) = v**2 - 7*v + 4. Let p be k(5). List the prime factors of (p/z)/(2/60).
2, 3
Suppose -25 + 0 = -5*w. Suppose c = w*c - 8. Let i(b) = b**2 + b + 1. List the prime factors of i(c).
7
Let n(a) = a**2 + 11*a - 17. Let p be n(-12). Let d = p + 30. List the prime factors of d.
5
Let f = 22 + -4. What are the prime factors of f?
2, 3
Let m(c) = 9*c - 3. List the prime factors of m(6).
3, 17
Let h(t) = t**3 - 2*t**2 + 4*t - 3. Let n be h(2). Let k be n - (0/(-3) + 0). Suppose -15 = -k*p - 0*p. List the prime factors of p.
3
Let p be 12/10*(-15)/6. Let k(o) = o**2 - 2. Let s be k(p). Suppose s = r - 3. What are the prime factors of r?
2, 5
Let j(v) = v**3 - 6*v**2. Let m be j(6). Suppose m = 5*d - 28 - 12. What are the prime factors of d?
2
Suppose 5*u - 71 = 9. Let z = -22 + u. List the prime factors of (-11)/(-2) - (-3)/z.
5
Suppose -44 - 6 = -5*d. List the prime factors of d.
2, 5
Let n = -4 + 9. Let f(l) = -l + 2 + 5 - n + 3*l**2. List the prime factors of f(-2).
2
List the prime factors of (-7 - -36) + 1*-3.
2, 13
Let l(s) = -s**3 - 8*s**2 - 3*s + 18. What are the prime factors of l(-8)?
2, 3, 7
Suppose 0 = -3*d - 4*a + 94, -5*a + 125 = 4*d - 0*a. What are the prime factors of d?
2, 3, 5
Let n(h) = 2*h**2 - 3*h + 1. Let u be n(2). Suppose -8*k = -u*k - 30. List the prime factors of k.
2, 3
Let t(s) = s**3 - 8*s**2 - 7*s - 13. Let o be t(9). Suppose -3*b = 5*h - o - 2, -3*h = 4*b - 24. What are the prime factors of b?
3
List the prime factors of 520/16*(-72)/(-15).
2, 3, 13
Let y(g) = -g**3 - g**2 + 2*g + 2. Let n be y(-2). Let q(j) = j**3 - 2*j**2 + 2*j - 2. List the prime factors of q(n).
2
Let v(q) = 13*q + 11. Let i(o) = 7*o + 6. Let c(z) = 11*i(z) - 6*v(z). Let r be c(5). What are the prime factors of 3/(-6)*2*r?
5
Let q(j) = -j**2 - 11*j + 8. List the prime factors of q(-6).
2, 19
Let h = 16 + -2. Suppose -3*r + 16 = -h. What are the prime factors of r?
2, 5
Let j(t) be the second derivative of 2*t + t**2 - 1/20*t**5 - 1/6*t**3 + 0*t**4 + 0. What are the prime factors of j(0)?
2
Suppose -204 = a - 3*a. What are the prime factors of a?
2, 3, 17
Suppose d + 36 = 2*q, 0*d = 4*q - d - 76. What are the prime factors of q?
2, 5
Suppose 4*w = 5*q + w + 6, -21 = 2*q + 5*w. Let r = 10 + q. Suppose k + r = -4*n, -37 = -5*k + 2*n - 4*n. What are the prime factors of k?
3
Let u(f) = f**2 - 2*f - 1. Let b be u(2). Let k = 1 - b. What are the prime factors of k?
2
List the prime factors of 155 - 3/((-9)/6).
157
Suppose 5*q + 0*q - 30 = 0. Let r = 39 + q. List the prime factors of r.
3, 5
Suppose 2*g = -j + 10, 17 - 5 = 4*g - 2*j. Suppose 0 = -5*m + 2*u - 35, -5*u = g*m + 45 - 17. What are the prime factors of (3 - 2)/((-1)/m)?
7
Suppose -19 - 6 = -c. What are the prime factors of c?
5
Let x = -10 - -10. Suppose 3*n + n - 12 = x. What are the prime factors of n?
3
Suppose -1925 = -5*a - 6*a. What are the prime factors of a?
5, 7
Suppose -40 = -3*z - z. Let s = -4 - -9. Suppose -2*h = s*w - w - 12, -2*w = -h - z. List the prime factors of w.
2
Let y(o) = -o**2 + 13*o + 10. Let a be y(13). Let k = a + -8. Suppose k*v - 4 = 2. List the prime factors of v.
3
Suppose -23 = -2*n + 47. Let z = n - 9. List the prime factors of z.
2, 13
Suppose 0*v + 8 = 2*v. Suppose -v*u + 34 + 14 = 0. List the prime factors of u.
2, 3
Let z(b) = 4*b - 1. Let p be z(1). Let w be (-12)/p*(-3 - -2). Let c = 11 - w. What are the prime factors of c?
7
Suppose 5*n - 5*x = 6 + 34, 3*x = -9. Suppose 5*j - 5 = n*q, 5*q - q = -3*j + 17. List the prime factors of j.
3
Let s = -104 - -299. What are the prime factors of s?
3, 5, 13
Let p = -4 - -3. Let j = p - 1. List the prime factors of (j/4)/((-1)/10).
5
Let t(c) = -c**3 - 3*c**2 - 2*c + 3. Let w be t(-4). Suppose 3*d - w = 6. List the prime factors of d.
11
Let u = 5 - 0. Let y = 10 + -2. Let h = y - u. List the prime factors of h.
3
Suppose -4*g - 4*b + 120 = 0, -4*b = -5*g + 125 - 11. Let x = 12 - 5. Suppose 4*w + 2*n = x*w - g, 0 = 4*w - n - 38. List the prime factors of w.
2, 5
Let t(h) = -188*h + 13. What are the prime factors of t(-2)?
389
Let r be 111/9 - (-1)/(-3). Suppose -2*a = -j + 29, j + 2*a - 13 - r = 0. List the prime factors of j.
3
What are the prime factors of ((-1)/((-10)/(-328)))/(18/(-45))?
2, 41
Suppose 0 = -27*g + 24*g + 225. List the prime factors of g.
3, 5
Suppose -4*d + 0*d = 0, 3*y = d + 120. List the prime factors of y.
2, 5
Suppose -2*g - 30 + 442 = 0. List the prime factors of g.
2, 103
Suppose -23 = 3*m - 164. What are the prime factors of m?
47
Let q = 9 + -4. Suppose q*y - 8 = 37. List the prime factors of y.
3
Let v be (8/(-6))/((-18)/270). Suppose x + v = 6*x. What are the prime factors of x?
2
Let c(f) = 9*f + 2. List the prime factors of c(6).
2, 7
Suppose 0*k = 2*k - 116. Let q = -35 + k. List the prime factors of q.
23
Suppose 0 = -3*f + 8 + 4. Suppose -l - 30 = -f*l - 3*q, 5*q = 5*l - 60. Let m = -2 + l. What are the prime factors of m?
3
Let c(w) = 4*w + 11. What are the prime factors of c(8)?
43
Let o(h) = -1. Let m(p) = p - 2. Let g(l) = m(l) - 2*o(l). Let w be g(0). Let a = 3 + w. List the prime factors of a.
3
Let a = 69 - 36. List the prime factors of a.
3, 11
Let l(r) be the third derivative of r**7/420 - r**5/40 + r**4/8 + r**3/2 - r**2. Let n(q) be the first derivative of l(q). List the prime factors of n(2).
13
Let q = 198 - 129. Suppose 0 = 3*w + u - 50, -u - q = -2*w - 2*w. List the prime factors of w.
17
Let m(v) = -v**2 - 12*v - 11. Let c be m(-11). Suppose c = -b + 4. What are the prime factors of 2 + b + (0 - 3)?
3
Let p be (-4)/(-14) - 264/(-7). Let s = p + -18. What are the prime factors of s?
2, 5
Let a(t) = 74*t - 2. List the prime factors of a(1).
2, 3
Let i(y) = -y**2 - y - 12. Let q be i(0). Let s = 22 + q. List the prime factors of s.
2, 5
Let v(n) = 15*n - 4. What are the prime factors of v(3)?
41
Suppose 0 = -3*d - 18 - 57. Let h = 45 + d. List the prime factors of h.
2, 5
Suppose 5*d - 289 = -14. What are the prime factors of d?
5, 11
Let l = -6 + 7. Let v = l - -3. What are the prime factors of v?
2
Suppose p - 41 = -9. Suppose -y - 3*o - 1 + 17 = 0, -4*o - p = -4*y. What are the prime factors of y?
2, 5
Let d(f) = -9*f**2 + 2*f - 1. Let b be d(1). Let w = 2 + b. What are the prime factors of w/15 + (-57)/(-5)?
11
Let a(y) = y**3 + 8*y*